 12?
6
Calculate the remainder when 140 is divided by 67.
6
Calculate the remainder when 155 is divided by 34.
19
What is the remainder when 137 is divided by 24?
17
What is the remainder when 51 is divided by 12?
3
What is the remainder when 198 is divided by 68?
62
Calculate the remainder when 66 is divided by 22.
0
Calculate the remainder when 210 is divided by 77.
56
Calculate the remainder when 1113 is divided by 1086.
27
Calculate the remainder when 1103 is divided by 79.
76
What is the remainder when 286 is divided by 18?
16
Calculate the remainder when 285 is divided by 91.
12
Calculate the remainder when 538 is divided by 110.
98
Calculate the remainder when 433 is divided by 428.
5
Calculate the remainder when 3273 is divided by 14.
11
Calculate the remainder when 25143 is divided by 381.
378
What is the remainder when 730 is divided by 40?
10
What is the remainder when 249 is divided by 40?
9
What is the remainder when 430 is divided by 80?
30
Calculate the remainder when 1544 is divided by 32.
8
Calculate the remainder when 10 is divided by 5.
0
Calculate the remainder when 3 is divided by 1.
0
What is the remainder when 1500 is divided by 108?
96
Calculate the remainder when 626 is divided by 132.
98
What is the remainder when 1186 is divided by 99?
97
Calculate the remainder when 55 is divided by 24.
7
What is the remainder when 497 is divided by 50?
47
Calculate the remainder when 896 is divided by 72.
32
Calculate the remainder when 376 is divided by 23.
8
What is the remainder when 417 is divided by 37?
10
Calculate the remainder when 81 is divided by 20.
1
Calculate the remainder when 14 is divided by 11.
3
What is the remainder when 302 is divided by 61?
58
Calculate the remainder when 330 is divided by 148.
34
What is the remainder when 3423 is divided by 312?
303
Calculate the remainder when 7479 is divided by 174.
171
What is the remainder when 141 is divided by 30?
21
Calculate the remainder when 338 is divided by 35.
23
Calculate the remainder when 5818 is divided by 97.
95
Calculate the remainder when 636 is divided by 221.
194
Calculate the remainder when 597 is divided by 40.
37
Calculate the remainder when 401 is divided by 95.
21
What is the remainder when 1173 is divided by 49?
46
Calculate the remainder when 107 is divided by 61.
46
Calculate the remainder when 147 is divided by 30.
27
Calculate the remainder when 148 is divided by 40.
28
Calculate the remainder when 404 is divided by 134.
2
Calculate the remainder when 2844 is divided by 710.
4
What is the remainder when 223 is divided by 93?
37
Calculate the remainder when 534 is divided by 107.
106
What is the remainder when 2960 is divided by 52?
48
Calculate the remainder when 1901 is divided by 21.
11
What is the remainder when 168 is divided by 29?
23
Calculate the remainder when 5545 is divided by 146.
143
Calculate the remainder when 1975 is divided by 38.
37
Calculate the remainder when 1174 is divided by 47.
46
What is the remainder when 52876 is divided by 23?
22
Calculate the remainder when 11833 is divided by 15.
13
Calculate the remainder when 93 is divided by 19.
17
What is the remainder when 176 is divided by 45?
41
What is the remainder when 174 is divided by 59?
56
Calculate the remainder when 639 is divided by 19.
12
What is the remainder when 124 is divided by 57?
10
What is the remainder when 545 is divided by 21?
20
Calculate the remainder when 55 is divided by 12.
7
Calculate the remainder when 27104 is divided by 54.
50
What is the remainder when 40 is divided by 15?
10
What is the remainder when 96 is divided by 51?
45
Calculate the remainder when 75 is divided by 48.
27
Calculate the remainder when 152 is divided by 18.
8
Calculate the remainder when 196 is divided by 66.
64
Calculate the remainder when 3040 is divided by 179.
176
Calculate the remainder when 371 is divided by 310.
61
What is the remainder when 868 is divided by 44?
32
What is the remainder when 5039 is divided by 6?
5
Calculate the remainder when 1338 is divided by 97.
77
Calculate the remainder when 177 is divided by 81.
15
What is the remainder when 156 is divided by 55?
46
Calculate the remainder when 272 is divided by 68.
0
What is the remainder when 280 is divided by 265?
15
What is the remainder when 1151 is divided by 64?
63
What is the remainder when 66 is divided by 32?
2
Calculate the remainder when 373 is divided by 22.
21
What is the remainder when 228 is divided by 8?
4
What is the remainder when 75 is divided by 45?
30
What is the remainder when 26 is divided by 1?
0
Calculate the remainder when 1413 is divided by 71.
64
What is the remainder when 268 is divided by 100?
68
Calculate the remainder when 34 is divided by 31.
3
Calculate the remainder when 7033 is divided by 21.
19
What is the remainder when 192 is divided by 87?
18
Calculate the remainder when 480 is divided by 69.
66
What is the remainder when 644 is divided by 112?
84
Calculate the remainder when 72 is divided by 39.
33
What is the remainder when 571 is divided by 26?
25
What is the remainder when 231 is divided by 57?
3
Calculate the remainder when 657 is divided by 12.
9
What is the remainder when 318 is divided by 17?
12
What is the remainder when 227 is divided by 33?
29
What is the remainder when 299 is divided by 75?
74
Calculate the remainder when 176 is divided by 9.
5
What is the remainder when 10019 is divided by 218?
209
Calculate the remainder when 87 is divided by 18.
15
What is the remainder when 1399 is divided by 7?
6
Calculate the remainder when 629 is divided by 7.
6
What is the remainder when 300 is divided by 105?
90
What is the remainder when 134 is divided by 36?
26
Calculate the remainder when 527 is divided by 5.
2
What is the remainder when 337 is divided by 116?
105
What is the remainder when 492 is divided by 13?
11
Calculate the remainder when 128 is divided by 10.
8
Calculate the remainder when 288 is divided by 104.
80
What is the remainder when 71 is divided by 18?
17
What is the remainder when 310 is divided by 159?
151
What is the remainder when 44 is divided by 5?
4
What is the remainder when 253 is divided by 64?
61
Calculate the remainder when 135 is divided by 39.
18
Calculate the remainder when 88 is divided by 31.
26
Calculate the remainder when 335 is divided by 80.
15
Calculate the remainder when 704 is divided by 13.
2
Calculate the remainder when 990 is divided by 113.
86
Calculate the remainder when 751 is divided by 16.
15
Calculate the remainder when 783 is divided by 218.
129
What is the remainder when 163 is divided by 85?
78
What is the remainder when 143 is divided by 19?
10
Calculate the remainder when 2748 is divided by 14.
4
What is the remainder when 203 is divided by 54?
41
What is the remainder when 3174 is divided by 18?
6
Calculate the remainder when 1494 is divided by 17.
15
What is the remainder when 868 is divided by 433?
2
What is the remainder when 159 is divided by 81?
78
What is the remainder when 811 is divided by 28?
27
Calculate the remainder when 1115 is divided by 552.
11
Calculate the remainder when 94 is divided by 21.
10
What is the remainder when 118 is divided by 28?
6
Calculate the remainder when 796 is divided by 63.
40
Calculate the remainder when 402 is divided by 381.
21
Calculate the remainder when 162 is divided by 58.
46
Calculate the remainder when 1161 is divided by 97.
94
Calculate the remainder when 210 is divided by 53.
51
What is the remainder when 893 is divided by 133?
95
Calculate the remainder when 467 is divided by 94.
91
What is the remainder when 655 is divided by 73?
71
What is the remainder when 78 is divided by 53?
25
Calculate the remainder when 17 is divided by 6.
5
Calculate the remainder when 66 is divided by 19.
9
Calculate the remainder when 1915 is divided by 383.
0
Calculate the remainder when 378 is divided by 51.
21
Calculate the remainder when 97 is divided by 68.
29
Calculate the remainder when 449 is divided by 118.
95
Calculate the remainder when 202 is divided by 34.
32
What is the remainder when 1377 is divided by 69?
66
What is the remainder when 415 is divided by 106?
97
Calculate the remainder when 144 is divided by 38.
30
Calculate the remainder when 194 is divided by